2a7
In base 2, what is -100110000001010111010101 + -101100?
-100110000001011000000001
In base 16, what is -167a77 - 18?
-167a8f
In base 13, what is 13b20a28 - -3?
13b20a2b
In base 16, what is 9938f8 + -1?
9938f7
In base 10, what is 3 + -1133280?
-1133277
In base 13, what is -123a7a503 + -4?
-123a7a507
In base 11, what is -1056491 + -63?
-1056544
In base 10, what is 2033 + 2137?
4170
In base 16, what is -8836 - 60?
-8896
In base 3, what is 20222 - -22021221?
22112220
In base 14, what is -11 - -28db09b?
28db08a
In base 3, what is -102022 - -10110212102212?
10110212000120
In base 8, what is -131630 + -7610?
-141440
In base 8, what is 157 + -313223?
-313044
In base 2, what is 11001100001001000101111 - 11?
11001100001001000101100
In base 15, what is -4 + -1b5982?
-1b5986
In base 5, what is -34 - -122222134?
122222100
In base 12, what is 9bba0b9 + -2?
9bba0b7
In base 5, what is -320 - 233300403?
-233301223
In base 5, what is -2 - 3441021?
-3441023
In base 8, what is -34 - -22317243?
22317207
In base 12, what is 1aa82 + -b9?
1a985
In base 13, what is 124 + 405b?
4182
In base 11, what is 34 + -1158a71?
-1158a38
In base 5, what is 2304342 - 42121?
2212221
In base 15, what is 2 + 6db13dc?
6db13de
In base 5, what is 22334 - -133101?
210440
In base 8, what is 262761417 + 0?
262761417
In base 3, what is -2122110010112222 - -1?
-2122110010112221
In base 6, what is 1050 - -321305342?
321310432
In base 5, what is 114322242 - 444?
114321243
In base 3, what is 1221 + -100200211221111?
-100200211212120
In base 9, what is -800 + -20807?
-21707
In base 12, what is -2a7515b7 + -2?
-2a7515b9
In base 11, what is 16446 - -350?
16796
In base 6, what is 213 - -131524111?
131524324
In base 2, what is -10000101000010111001110011 - 10?
-10000101000010111001110101
In base 5, what is -2024420222 + 33?
-2024420134
In base 7, what is -26144642 - 1164?
-26146136
In base 10, what is 2622239 - 11?
2622228
In base 4, what is 323011 + -21000322?
-20011311
In base 14, what is -13a8954 - -9?
-13a8949
In base 11, what is 4 + -a7633971?
-a7633968
In base 2, what is -11111100111101 + -11000010111?
-100010101010100
In base 4, what is 121223220 - -332?
121230212
In base 16, what is -782cb - 2d?
-782f8
In base 6, what is 23442513 - 224?
23442245
In base 7, what is 134501 - 113520?
20651
In base 10, what is -22445 + 383?
-22062
In base 14, what is 5 - b4711b?
-b47116
In base 11, what is 9105 + 345?
944a
In base 15, what is -20aa0d - -1ad?
-20a850
In base 3, what is 1020 - 101110112000?
-101110110210
In base 3, what is -121211020000112100 - 0?
-121211020000112100
In base 11, what is -9919 - 528?
-a346
In base 8, what is 20 + -5106220?
-5106200
In base 12, what is 1668463 - -8?
166846b
In base 3, what is 2 - 1121000102121121?
-1121000102121112
In base 8, what is -343532744 - -4?
-343532740
In base 7, what is 25243 - 20105?
5135
In base 13, what is -1a - -21828?
2180b
In base 6, what is -40254350 - 4?
-40254354
In base 14, what is -4 + -4434bc?
-4434c2
In base 9, what is -354 + -38226?
-38581
In base 16, what is 1c707 + -fe?
1c609
In base 10, what is -7225683 + 16?
-7225667
In base 15, what is 64 + 25692?
25706
In base 12, what is -158 + -b75?
-1111
In base 2, what is -1001011110110011110101 - -10000?
-1001011110110011100101
In base 5, what is 23314 + 13000?
41314
In base 14, what is -4 + b659911?
b65990b
In base 6, what is 423414 + -305?
423105
In base 10, what is -25 + -405598?
-405623
In base 12, what is 7a0501a53 + -5?
7a0501a4a
In base 9, what is 18686307 - 0?
18686307
In base 6, what is -1554111233 - -2?
-1554111231
In base 8, what is -175305752 + 4?
-175305746
In base 4, what is -1 + -3032022213102?
-3032022213103
In base 7, what is 1312 + 101604?
103216
In base 5, what is -1 + -1322140331?
-1322140332
In base 4, what is 1032223103 - -10200?
1032233303
In base 7, what is -5 - 11031311?
-11031316
In base 13, what is 4c240 - -a7b?
4ccbb
In base 11, what is 2a75a84 - 3?
2a75a81
In base 9, what is 182278 + -140?
182138
In base 10, what is 139211 + -11?
139200
In base 14, what is c + -173249?
-17323b
In base 16, what is -ca - dbf6a?
-dc034
In base 8, what is -77 - 762476?
-762575
In base 13, what is 3a06ab52 + -2?
3a06ab50
In base 11, what is 4a3 + -356a68?
-356575
In base 7, what is -133405401 - 1?
-133405402
In base 8, what is 1500 + 150703?
152403
In base 13, what is 634 - -30577?
30bab
In base 8, what is 20 - 213344?
-213324
In base 6, what is -30 - -43104123?
43104053
In base 13, what is -b8a + -2101?
-2c8b
In base 2, what is -11011011 - 10001011001011100?
-10001011100110111
In base 10, what is -3 + -9455710?
-9455713
In base 6, what is -54 + -3010001?
-3010055
In base 7, what is 135345 + 15015?
153363
In base 12, what is -94b + -495a?
-56a9
In base 10, what is 2 + 1929026?
1929028
In base 4, what is -222122110320 + 10?
-222122110310
In base 14, what is 712 - -bb?
7cd
In base 8, what is -511 - 4522131?
-4522642
In base 2, what is 101101100001010000100 - 10001?
101101100001001110011
In base 6, what is 122525 - -11504?
134433
In base 3, what is 0 - -100120221201?
100120221201
In base 3, what is -10222 - -112001110000?
112001022001
In base 10, what is 3 + -298104088?
-298104085
In base 4, what is -11202112031 - -3?
-11202112022
In base 13, what is -1479b62 - a?
-1479b6c
In base 12, what is -148 - -3133?
2ba7
In base 12, what is 4 - -604b2b?
604b33
In base 16, what is -4f - 300851?
-3008a0
In base 10, what is -64 - -560239?
560175
In base 3, what is 1201 - 11210001201?
-11210000000
In base 6, what is -5 - -13154230133?
13154230124
In base 12, what is -12 - -1468400?
14683aa
In base 12, what is 34425a - -1?
34425b
In base 16, what is -618e + 1e1?
-5fad
In base 7, what is -224 - -21666254?
21666030
In base 12, what is 854b1 + 1?
854b2
In base 5, what is -322332 + -12403?
-340240
In base 9, what is 12 + 15110623?
15110635
In base 8, what is -56255 - 36?
-56313
In base 3, what is 2020012011 - 12112?
2012222122
In base 14, what is -55cc0b + 21?
-55cbca
In base 4, what is 11121 + -3110201122?
-3110130001
In base 6, what is -41533 - -3331?
-34202
In base 2, what is -1110111101 + -101100010000001101?
-101100011111001010
In base 6, what is 0 - 1552410442?
-1552410442
In base 11, what is 50a9245 - -9?
50a9253
In base 14, what is -2686d0 - -4?
-2686ca
In base 9, what is 13466531 + 3?
13466534
In base 9, what is 8 + 10603773?
10603782
In base 12, what is 673578 + 0?
673578
In base 16, what is 58d - -449a?
4a27
In base 7, what is -1 + 306410621?
306410620
In base 11, what is 32 + 514969?
5149a0
In base 5, what is -40 - 2340124100?
-2340124140
In base 9, what is 2848681 - -2?
2848683
In base 2, what is -1 - 1011001010010100111110?
-1011001010010100111111
In base 3, what is -1202020010001022 + -11?
-1202020010001110
In base 10, what is 0 + 16729588?
16729588
In base 10, what is 70531971 + 1?
70531972
In base 16, what is -50301e + -23?
-503041
In base 16, what is 1b3b0a - 5?
1b3b05
In base 8, what is 110453 - 12004?
76447
In base 16, what is -1107 - 1f87?
-308e
In base 3, what is 102122010202 - -101?
102122011010
In base 2, what is -10000011100111111010111001 - 111?
-10000011100111111011000000
In base 10, what is 2134865 - 5?
2134860
In base 11, what is -897 + -375a?
-4546
In base 13, what is -23a0b64 - -3?
-23a0b61
In base 16, what is 8 + -78bcdc?
-78bcd4
In base 4, what is 30 - 32230301030?
-32230301000
In base 5, what is -3444142 - 320?
-4000012
In base 7, what is 534530 - 201?
534326
In base 5, what is -10 - -33424341003?
33424340443
In base 2, what is 1000011000 - -11101110011001?
11110110110001
In base 8, what is 36766726 + 12?
36766740
In base 2, what is -111101100101101100 - -10010001?
-111101100011011011
In base 3, what is 2000 + -1220012211?
-1220010211
In base 6, what is 2 + -32221424531?
-32221424525
In base 5, what is 1440424044 - 12?
1440424032
In base 3, what is 1020020120 + 210122?
1021001012
In base 9, what is 282287862 - 5?
282287856
In base 5, what is 1 + -33011333044?
-33011333043
In base 11, what is 42 - -587551?
587593
In base 3, what is 2221 + -2021220221010?
-2021220211012
In base 7, what is -4 - 35033624?
-35033631
In base 16, what is 1f63ff - -6?
1f6405
In base 5, what is -430041211 + 3?
-430041203
In base 3, what is -1100101 + 1122101000?
1121000122
In base 7, what is 216235